t is the hundred thousands digit of 848891?
8
What is the ten thousands digit of 1375413?
7
What is the tens digit of 4446149?
4
What is the hundreds digit of 16002257?
2
What is the units digit of 627949?
9
What is the hundreds digit of 372756?
7
What is the hundreds digit of 237480?
4
What is the ten thousands digit of 1880955?
8
What is the units digit of 510169?
9
What is the hundred thousands digit of 328672?
3
What is the units digit of 969915?
5
What is the thousands digit of 8859997?
9
What is the tens digit of 8339004?
0
What is the ten thousands digit of 1148159?
4
What is the hundreds digit of 7704515?
5
What is the hundreds digit of 708237?
2
What is the hundreds digit of 443712?
7
What is the millions digit of 2827316?
2
What is the hundreds digit of 12511979?
9
What is the units digit of 4424125?
5
What is the units digit of 4880266?
6
What is the thousands digit of 14984410?
4
What is the ten thousands digit of 494367?
9
What is the hundreds digit of 430671?
6
What is the hundreds digit of 13204310?
3
What is the thousands digit of 8257921?
7
What is the units digit of 225743?
3
What is the millions digit of 1024512?
1
What is the hundreds digit of 6550462?
4
What is the hundreds digit of 43997?
9
What is the hundreds digit of 7030342?
3
What is the tens digit of 9670158?
5
What is the tens digit of 3417921?
2
What is the hundred thousands digit of 1640757?
6
What is the tens digit of 89396?
9
What is the ten millions digit of 18068705?
1
What is the units digit of 301822?
2
What is the tens digit of 98281?
8
What is the tens digit of 31272?
7
What is the ten thousands digit of 29361178?
6
What is the hundreds digit of 18631203?
2
What is the thousands digit of 323338?
3
What is the hundred thousands digit of 5099575?
0
What is the tens digit of 2175538?
3
What is the ten millions digit of 28228491?
2
What is the hundreds digit of 100707?
7
What is the thousands digit of 2450188?
0
What is the units digit of 1130848?
8
What is the hundreds digit of 3964389?
3
What is the tens digit of 184342?
4
What is the units digit of 5661992?
2
What is the hundred thousands digit of 1530097?
5
What is the ten thousands digit of 128745?
2
What is the hundred thousands digit of 207374?
2
What is the units digit of 666784?
4
What is the hundreds digit of 13079269?
2
What is the millions digit of 2974113?
2
What is the units digit of 447184?
4
What is the thousands digit of 80926?
0
What is the ten thousands digit of 224850?
2
What is the units digit of 2335332?
2
What is the hundreds digit of 416302?
3
What is the units digit of 3859373?
3
What is the hundreds digit of 1727451?
4
What is the ten millions digit of 12712288?
1
What is the hundreds digit of 480402?
4
What is the hundreds digit of 2378483?
4
What is the tens digit of 7579570?
7
What is the units digit of 306164?
4
What is the ten millions digit of 10625724?
1
What is the units digit of 128209?
9
What is the hundred thousands digit of 38260819?
2
What is the hundreds digit of 266789?
7
What is the thousands digit of 3453306?
3
What is the units digit of 171350?
0
What is the hundred thousands digit of 285521?
2
What is the ten thousands digit of 229243?
2
What is the tens digit of 29733737?
3
What is the hundreds digit of 242130?
1
What is the ten thousands digit of 537810?
3
What is the hundreds digit of 193840?
8
What is the thousands digit of 1148682?
8
What is the ten thousands digit of 3119990?
1
What is the ten thousands digit of 19686656?
8
What is the thousands digit of 349303?
9
What is the millions digit of 5986831?
5
What is the ten thousands digit of 67149?
6
What is the units digit of 40505?
5
What is the millions digit of 2248380?
2
What is the millions digit of 4295104?
4
What is the tens digit of 9716301?
0
What is the thousands digit of 9071363?
1
What is the thousands digit of 6541?
6
What is the units digit of 3994113?
3
What is the thousands digit of 1244973?
4
What is the millions digit of 1651505?
1
What is the ten thousands digit of 592651?
9
What is the ten millions digit of 16920975?
1
What is the hundred thousands digit of 236879?
2
What is the ten thousands digit of 480818?
8
What is the hundreds digit of 37484?
4
What is the millions digit of 1624935?
1
What is the tens digit of 27883950?
5
What is the units digit of 39503?
3
What is the hundred thousands digit of 1916746?
9
What is the thousands digit of 35075?
5
What is the hundred thousands digit of 434222?
4
What is the hundreds digit of 91143?
1
What is the units digit of 117992?
2
What is the millions digit of 18957277?
8
What is the thousands digit of 647818?
7
What is the ten thousands digit of 7183968?
8
What is the units digit of 10015015?
5
What is the ten thousands digit of 3496057?
9
What is the thousands digit of 2555731?
5
What is the ten thousands digit of 1747760?
4
What is the hundred thousands digit of 458471?
4
What is the units digit of 7002976?
6
What is the millions digit of 1006618?
1
What is the hundreds digit of 47689?
6
What is the millions digit of 12408547?
2
What is the millions digit of 13022618?
3
What is the tens digit of 18949635?
3
What is the units digit of 1796001?
1
What is the thousands digit of 184384?
4
What is the units digit of 2676301?
1
What is the hundred thousands digit of 4617692?
6
What is the hundreds digit of 238205?
2
What is the hundreds digit of 276179?
1
What is the units digit of 132799?
9
What is the ten thousands digit of 14009629?
0
What is the tens digit of 885551?
5
What is the thousands digit of 18677189?
7
What is the units digit of 208489?
9
What is the hundred thousands digit of 3712850?
7
What is the tens digit of 16543447?
4
What is the hundreds digit of 975771?
7
What is the units digit of 851160?
0
What is the hundreds digit of 1777679?
6
What is the ten thousands digit of 1505327?
0
What is the thousands digit of 243437?
3
What is the units digit of 162505?
5
What is the ten thousands digit of 2189583?
8
What is the hundreds digit of 1333961?
9
What is the units digit of 447838?
8
What is the units digit of 4258301?
1
What is the tens digit of 2875507?
0
What is the units digit of 594088?
8
What is the millions digit of 16500906?
6
What is the tens digit of 25323657?
5
What is the millions digit of 6972230?
6
What is the ten thousands digit of 1168069?
6
What is the tens digit of 62495?
9
What is the units digit of 292439?
9
What is the hundred thousands digit of 26369332?
3
What is the hundreds digit of 142635?
6
What is the tens digit of 58055?
5
What is the thousands digit of 15298?
5
What is the hundreds digit of 390053?
0
What is the units digit of 1499781?
1
What is the hundreds digit of 647761?
7
What is the thousands digit of 15204712?
4
What is the hundred thousands digit of 2318807?
3
What is the tens digit of 4797586?
8
What is the hundred thousands digit of 28459551?
4
What is the ten thousands digit of 570065?
7
What is the units digit of 2164557?
7
What is the ten thousands digit of 671669?
7
What is the tens digit of 88085?
8
What is the millions digit of 15286454?
5
What is the tens digit of 8661692?
9
What is the ten thousands digit of 534420?
3
What is the thousands digit of 842728?
2
What is the ten thousands digit of 268985?
6
What is the ten thousands digit of 1023434?
2
What is the thousands digit of 296359?
6
What is the units digit of 6726943?
3
What is the hundred thousands digit of 2500410?
5
What is the ten thousands digit of 185879?
8
What is the ten thousands digit of 14476374?
7
What is the thousands digit of 5031234?
1
What is the thousands digit of 404286?
4
What is the hundred thousands digit of 134231?
1
What is the hundred thousands digit of 13646428?
6
What is the units digit of 6278323?
3
What is the ten thousands digit of 4970091?
7
What is the hundred thousands digit of 3297193?
2
What is the ten thousands digit of 5033522?
3
What is the hundred thousands digit of 2063880?
0
What is the hundred thousands digit of 3401491?
4
What is the thousands digit of 5247345?
7
What is the ten thousands digit of 21380?
2
What is the ten thousands digit of 2415555?
1
What is the thousands digit of 8082933?
2
What is the thousands digit of 443159?
3
What is the hundreds digit of 633957?
9
What is the hundred